{"id":3802,"date":"2023-06-07T21:45:23","date_gmt":"2023-06-07T19:45:23","guid":{"rendered":"https:\/\/prothetik.fh-linz.at\/?page_id=3802"},"modified":"2026-02-24T12:12:52","modified_gmt":"2026-02-24T10:12:52","slug":"media-2","status":"publish","type":"page","link":"https:\/\/prothetik.fh-linz.at\/?page_id=3802","title":{"rendered":"Media"},"content":{"rendered":"\n<p><strong><span style=\"text-decoration: underline;\">Sample Links Italy (Print, Audio and Video)<\/span><\/strong><\/p>\n\n\n\n<figure class=\"wp-block-audio\"><audio controls src=\"http:\/\/prothetik.fh-linz.at\/wp-content\/uploads\/2026\/02\/1-20_01_2026_Low.mp3\"><\/audio><\/figure>\n\n\n\n<p><\/p>\n\n\n\n<p>ORF: <a href=\"https:\/\/ooe.orf.at\/stories\/3239510\">https:\/\/ooe.orf.at\/stories\/3239510<\/a><br>\u00d6sterreich Ukraine: <a href=\"https:\/\/austriaukraine.com\/de\/impressions\/10788\">https:\/\/austriaukraine.com\/de\/impressions\/10788<\/a><br>Christian Wehrsch\u00fctz: <a href=\"https:\/\/www.wehrschuetz.at\/?view=article&amp;id=8845&amp;catid=20\">https:\/\/www.wehrschuetz.at\/?view=article&amp;id=8845&amp;catid=20<\/a><br>S\u00fcdtirol 1: <a href=\"https:\/\/www.suedtirol1.it\/beitrag\/suedtiroler-des-tages-hubert-egger\/ref\/4326\">https:\/\/www.suedtirol1.it\/beitrag\/suedtiroler-des-tages-hubert-egger\/ref\/4326<\/a><br>FH O\u00d6: <a href=\"https:\/\/fh-ooe.at\/campus-linz\/news\/medizintechniker-hubert-egger-in-seiner-heimat-suedtirol-mit-dem-ottone-nigro-preis-ausgezeichnet\">https:\/\/fh-ooe.at\/campus-linz\/news\/medizintechniker-hubert-egger-in-seiner-heimat-suedtirol-mit-dem-ottone-nigro-preis-ausgezeichnet<\/a><br>ANMIC: <a href=\"https:\/\/www.anmic.bz\/news\/premio-ottone-nigro-preis-2024\">https:\/\/www.anmic.bz\/news\/premio-ottone-nigro-preis-2024<\/a><br>Der Meraner: <a href=\"https:\/\/www.meraner.eu\/news\/allgemein\/aussergewoehnlicher-einsatz-fuer-zivilinvaliden-mit-ottone-nigro-preis-ausgezeichnet.1763\">https:\/\/www.meraner.eu\/news\/allgemein\/aussergewoehnlicher-einsatz-fuer-zivilinvaliden-mit-ottone-nigro-preis-ausgezeichnet.1763<\/a><br>Guten Tag S\u00fcdtirol: <a href=\"https:\/\/www.buongiornosuedtirol.it\/2024\/07\/premio-ottone-nigro-promossa-una-societa-piu-inclusiva-per-gli-invalidi-civili-altoatesini\">https:\/\/www.buongiornosuedtirol.it\/2024\/07\/premio-ottone-nigro-promossa-una-societa-piu-inclusiva-per-gli-invalidi-civili-altoatesini<\/a><br>S\u00fcdtirol News: <a href=\"https:\/\/www.suedtirolnews.it\/chronik\/aussergewoehnlicher-einsatz-fuer-zivilinvaliden-mit-ottone-nigro-preis-ausgezeichnet\">https:\/\/www.suedtirolnews.it\/chronik\/aussergewoehnlicher-einsatz-fuer-zivilinvaliden-mit-ottone-nigro-preis-ausgezeichnet<\/a><br>ORF: <a href=\"https:\/\/on.orf.at\/video\/14234845\/suedtirol-heute-vom-16072024\">https:\/\/on.orf.at\/video\/14234845\/suedtirol-heute-vom-16072024<\/a><br>RAI Tagesschau: <a href=\"https:\/\/www.rainews.it\/tgr\/tagesschau\/articoli\/2024\/07\/ukraine-viele-sudtiroler-wollen-prothesen-spenden-30ec0f5f-61d8-41d9-b245-d899f2a8f7da.html\">https:\/\/www.rainews.it\/tgr\/tagesschau\/articoli\/2024\/07\/ukraine-viele-sudtiroler-wollen-prothesen-spenden-30ec0f5f-61d8-41d9-b245-d899f2a8f7da.html<\/a><br>RAI Tagesschau: <a href=\"https:\/\/www.rainews.it\/tgr\/tagesschau\/notiziari\/video\/2024\/07\/Tagesschau---22072024-2000-53954e10-ca1f-474e-ba0e-077a0a41581b.html\">https:\/\/www.rainews.it\/tgr\/tagesschau\/notiziari\/video\/2024\/07\/Tagesschau&#8212;22072024-2000-53954e10-ca1f-474e-ba0e-077a0a41581b.html<\/a><br>RAI News: <a href=\"https:\/\/www.rainews.it\/tgr\/tagesschau\/notiziari\/video\/2024\/07\/Tagesschau---22072024-2210-e5487810-ae7b-46af-90c1-4a7f1bec1c78.html\">https:\/\/www.rainews.it\/tgr\/tagesschau\/notiziari\/video\/2024\/07\/Tagesschau&#8212;22072024-2210-e5487810-ae7b-46af-90c1-4a7f1bec1c78.html<\/a><br>RAI Radio: <a href=\"https:\/\/www.raisudtirol.rai.it\/de\/index.php?media=Pra1710867600\">https:\/\/www.raisudtirol.rai.it\/de\/index.php?media=Pra1710867600<\/a><br>S\u00fcdtirol Online: <a href=\"https:\/\/www.stol.it\/artikel\/chronik\/weisses-kreuz-sammelt-prothesen-fuer-kriegsversehrte-in-der-ukraine\">https:\/\/www.stol.it\/artikel\/chronik\/weisses-kreuz-sammelt-prothesen-fuer-kriegsversehrte-in-der-ukraine<\/a><br>Der Vingschger: <a href=\"https:\/\/www.dervinschger.it\/de\/news\/weisses-kreuz-sammelt-prothesen-fuer-kriegsversehrte-in-der-ukraine-11882\">https:\/\/www.dervinschger.it\/de\/news\/weisses-kreuz-sammelt-prothesen-fuer-kriegsversehrte-in-der-ukraine-11882<\/a><\/p>\n\n\n\n<p><strong><span style=\"text-decoration: underline;\">Sample clippings German (Video)<\/span><\/strong><\/p>\n\n\n\n<p><strong>ORF<\/strong> \u201eHeimat fremde Heimat\u201c <a href=\"https:\/\/eur02.safelinks.protection.outlook.com\/?url=https%3A%2F%2Ftvthek.orf.at%2Fhistory%2FHerausforderungen-im-Alltag%2F13557968%2FHubert-Egger-Erfinder-der-fuehlenden-Prothese%2F14112892&amp;data=05%7C01%7CHubert.Egger%40fh-linz.at%7C662f191fe856479f7a3908db504f61f1%7Cf88d4b736bb24b9aabc7eb96e5a6407c%7C1%7C0%7C638192074092209009%7CUnknown%7CTWFpbGZsb3d8eyJWIjoiMC4wLjAwMDAiLCJQIjoiV2luMzIiLCJBTiI6Ik1haWwiLCJXVCI6Mn0%3D%7C3000%7C%7C%7C&amp;sdata=l%2FZuUxmQfTteg8qBkK76rzvYMB96U6JRpZd%2FEHinRG4%3D&amp;reserved=0\">https:\/\/tvthek.orf.at\/history\/Herausforderungen-im-Alltag\/13557968\/Hubert-Egger-Erfinder-der-fuehlenden-Prothese\/14112892<\/a><br><strong>ORF<\/strong> \u201eHistory | Selbstbestimmung &amp; Vielfalt\u201c<a href=\"https:\/\/eur02.safelinks.protection.outlook.com\/?url=https%3A%2F%2Ftvthek.orf.at%2Fhistory%2FHerausforderungen-im-Alltag%2F13557968%2FIntelligente-Prothesen%2F14028518&amp;data=05%7C01%7CHubert.Egger%40fh-linz.at%7C662f191fe856479f7a3908db504f61f1%7Cf88d4b736bb24b9aabc7eb96e5a6407c%7C1%7C0%7C638192074092209009%7CUnknown%7CTWFpbGZsb3d8eyJWIjoiMC4wLjAwMDAiLCJQIjoiV2luMzIiLCJBTiI6Ik1haWwiLCJXVCI6Mn0%3D%7C3000%7C%7C%7C&amp;sdata=2y%2BrZO620UwpkpGtH%2BHZHkrI%2BoRvZMIhYQ3fcUygHdI%3D&amp;reserved=0\">https:\/\/tvthek.orf.at\/history\/Herausforderungen-im-Alltag\/13557968\/Intelligente-Prothesen\/14028518<\/a><br><strong>nTV<\/strong> \u201eWissen\u201c: <a href=\"https:\/\/eur02.safelinks.protection.outlook.com\/?url=https%3A%2F%2Fwww.n-tv.de%2Fwissen%2FPatient-erhaelt-erste-fuehlende-Beinprothese-article15255931.html&amp;data=05%7C01%7CHubert.Egger%40fh-linz.at%7C662f191fe856479f7a3908db504f61f1%7Cf88d4b736bb24b9aabc7eb96e5a6407c%7C1%7C0%7C638192074092209009%7CUnknown%7CTWFpbGZsb3d8eyJWIjoiMC4wLjAwMDAiLCJQIjoiV2luMzIiLCJBTiI6Ik1haWwiLCJXVCI6Mn0%3D%7C3000%7C%7C%7C&amp;sdata=6SzYpW6sVh81zcJcRUnRsLPFvk1qUMMErHCA2qrVxog%3D&amp;reserved=0\">https:\/\/www.n-tv.de\/wissen\/Patient-erhaelt-erste-fuehlende-Beinprothese-article15255931.html<\/a><br><strong>Nachrichtenportal<\/strong> \u201eWissenschaft\u201c <a href=\"https:\/\/eur02.safelinks.protection.outlook.com\/?url=https%3A%2F%2Fwww.wissenschaft-x.com%2Fprosthetic-leg-enables-amputees-feel-ground-they-walk-on&amp;data=05%7C01%7CHubert.Egger%40fh-linz.at%7C662f191fe856479f7a3908db504f61f1%7Cf88d4b736bb24b9aabc7eb96e5a6407c%7C1%7C0%7C638192074092209009%7CUnknown%7CTWFpbGZsb3d8eyJWIjoiMC4wLjAwMDAiLCJQIjoiV2luMzIiLCJBTiI6Ik1haWwiLCJXVCI6Mn0%3D%7C3000%7C%7C%7C&amp;sdata=qLs82MTkyMYrKZ%2BZMx4YKwYTs%2FgpPDfCPdx%2BTwOOCdg%3D&amp;reserved=0\">https:\/\/www.wissenschaft-x.com\/prosthetic-leg-enables-amputees-feel-ground-they-walk-on<\/a><br><strong>Der Spiegel:<\/strong> \u201eWissenschaft\u201c&nbsp; <a href=\"https:\/\/eur02.safelinks.protection.outlook.com\/?url=https%3A%2F%2Fwww.spiegel.de%2Fwissenschaft%2Fdas-ende-der-phantomschmerzen-a-2f25e66a-0002-0001-0000-000135214462&amp;data=05%7C01%7CHubert.Egger%40fh-linz.at%7C662f191fe856479f7a3908db504f61f1%7Cf88d4b736bb24b9aabc7eb96e5a6407c%7C1%7C0%7C638192074092209009%7CUnknown%7CTWFpbGZsb3d8eyJWIjoiMC4wLjAwMDAiLCJQIjoiV2luMzIiLCJBTiI6Ik1haWwiLCJXVCI6Mn0%3D%7C3000%7C%7C%7C&amp;sdata=UusWK8YuY9gco9AjWnNcq73JW4eNBGcd5uqXqDs0Hqo%3D&amp;reserved=0\">https:\/\/www.spiegel.de\/wissenschaft\/das-ende-der-phantomschmerzen-a-2f25e66a-0002-0001-0000-000135214462<\/a><br><strong>Tagespiegel<\/strong> \u201eWissenschaft\u201c <a href=\"https:\/\/eur02.safelinks.protection.outlook.com\/?url=https%3A%2F%2Fwww.tagesspiegel.de%2Fgesellschaft%2Fpanorama%2Ferste-fuhlende-beinprothese-3633259.html&amp;data=05%7C01%7CHubert.Egger%40fh-linz.at%7C662f191fe856479f7a3908db504f61f1%7Cf88d4b736bb24b9aabc7eb96e5a6407c%7C1%7C0%7C638192074092209009%7CUnknown%7CTWFpbGZsb3d8eyJWIjoiMC4wLjAwMDAiLCJQIjoiV2luMzIiLCJBTiI6Ik1haWwiLCJXVCI6Mn0%3D%7C3000%7C%7C%7C&amp;sdata=i0q5KI8E4bPYTHBKyrCGrWYjYaWRJHuXIumppxYe9Mg%3D&amp;reserved=0\">https:\/\/www.tagesspiegel.de\/gesellschaft\/panorama\/erste-fuhlende-beinprothese-3633259.html<\/a><\/p>\n\n\n\n<p><strong><span style=\"text-decoration: underline;\">Sample clippings English (Video)<\/span><\/strong><\/p>\n\n\n\n<p><strong>Euronews (EUROPA):<\/strong> <a href=\"https:\/\/eur02.safelinks.protection.outlook.com\/?url=https%3A%2F%2Fyoutu.be%2FgsPsHSqBQXo&amp;data=05%7C01%7CHubert.Egger%40fh-linz.at%7C662f191fe856479f7a3908db504f61f1%7Cf88d4b736bb24b9aabc7eb96e5a6407c%7C1%7C0%7C638192074092209009%7CUnknown%7CTWFpbGZsb3d8eyJWIjoiMC4wLjAwMDAiLCJQIjoiV2luMzIiLCJBTiI6Ik1haWwiLCJXVCI6Mn0%3D%7C3000%7C%7C%7C&amp;sdata=2GUpUWtXsIbLwzjJYfdvJqMdnYdqv4zlBTWTeu2eh%2FA%3D&amp;reserved=0\">https:\/\/youtu.be\/gsPsHSqBQXo<\/a><br><strong>NTDTV (USA)<\/strong> <a href=\"https:\/\/eur02.safelinks.protection.outlook.com\/?url=https%3A%2F%2Fwww.facebook.com%2Fbdbiomedical%2Fvideos%2Ffirst-mind-controllable-artificial-arm-gives-hope-of-independence-youtubebiomedi%2F403198166481642%2F&amp;data=05%7C01%7CHubert.Egger%40fh-linz.at%7C662f191fe856479f7a3908db504f61f1%7Cf88d4b736bb24b9aabc7eb96e5a6407c%7C1%7C0%7C638192074092209009%7CUnknown%7CTWFpbGZsb3d8eyJWIjoiMC4wLjAwMDAiLCJQIjoiV2luMzIiLCJBTiI6Ik1haWwiLCJXVCI6Mn0%3D%7C3000%7C%7C%7C&amp;sdata=tOAX2upMllWKFjReUOHAa%2BXAlsyot%2F0txBhW692HYoI%3D&amp;reserved=0\">https:\/\/www.facebook.com\/bdbiomedical\/videos\/first-mind-controllable-artificial-arm-gives-hope-of-independence-youtubebiomedi\/403198166481642\/<\/a><br><strong>Rehacare<\/strong>:<a href=\"https:\/\/eur02.safelinks.protection.outlook.com\/?url=https%3A%2F%2Fwww.rehacare.com%2Fen%2FArchive%2FArchive_search%2FFirst_human_with_prosthetic_leg_that_can_feel&amp;data=05%7C01%7CHubert.Egger%40fh-linz.at%7C662f191fe856479f7a3908db504f61f1%7Cf88d4b736bb24b9aabc7eb96e5a6407c%7C1%7C0%7C638192074092209009%7CUnknown%7CTWFpbGZsb3d8eyJWIjoiMC4wLjAwMDAiLCJQIjoiV2luMzIiLCJBTiI6Ik1haWwiLCJXVCI6Mn0%3D%7C3000%7C%7C%7C&amp;sdata=jLh80n5yKpJB8rjE7ljnFaSTWPK09B%2FloVTrWKGH30g%3D&amp;reserved=0\">https:\/\/www.rehacare.com\/en\/Archive\/Archive_search\/First_human_with_prosthetic_leg_that_can_feel<\/a><br><strong>Voanews<\/strong> Technology: <a href=\"https:\/\/eur02.safelinks.protection.outlook.com\/?url=https%3A%2F%2Fwww.voanews.com%2Fa%2Fresearchers-develop-artificial-legs-mimic-real-ones%2F2820313.html&amp;data=05%7C01%7CHubert.Egger%40fh-linz.at%7C662f191fe856479f7a3908db504f61f1%7Cf88d4b736bb24b9aabc7eb96e5a6407c%7C1%7C0%7C638192074092209009%7CUnknown%7CTWFpbGZsb3d8eyJWIjoiMC4wLjAwMDAiLCJQIjoiV2luMzIiLCJBTiI6Ik1haWwiLCJXVCI6Mn0%3D%7C3000%7C%7C%7C&amp;sdata=SYNaiwgXhoGn%2FK57G%2B8dyQMPNXb4Yt39MrAa6GNzVpk%3D&amp;reserved=0\">https:\/\/www.voanews.com\/a\/researchers-develop-artificial-legs-mimic-real-ones\/2820313.html<\/a><br><strong>Interesting Engineering:<\/strong> \u201cScience\u201d <a href=\"https:\/\/eur02.safelinks.protection.outlook.com\/?url=https%3A%2F%2Finterestingengineering.com%2Fscience%2Fprosthetic-leg-enables-amputees-feel-ground-they-walk-on&amp;data=05%7C01%7CHubert.Egger%40fh-linz.at%7C662f191fe856479f7a3908db504f61f1%7Cf88d4b736bb24b9aabc7eb96e5a6407c%7C1%7C0%7C638192074092365234%7CUnknown%7CTWFpbGZsb3d8eyJWIjoiMC4wLjAwMDAiLCJQIjoiV2luMzIiLCJBTiI6Ik1haWwiLCJXVCI6Mn0%3D%7C3000%7C%7C%7C&amp;sdata=RD8GLyILFbB1MgmWaopDG7MG4n8AyjEE0PgeURnIWvk%3D&amp;reserved=0\">https:\/\/interestingengineering.com\/science\/prosthetic-leg-enables-amputees-feel-ground-they-walk-on<\/a><\/p>\n\n\n\n<p><strong><span style=\"text-decoration: underline;\">Sample clippings from the Arab and North African region<\/span><\/strong><\/p>\n\n\n\n<p><strong>Baya:<br><\/strong><a href=\"https:\/\/www.baya.tn\/rubriques\/home\/sante\/une-prothese-sensitive-capable-de-retrouver-les-\">https:\/\/www.baya.tn\/rubriques\/home\/sante\/une-prothese-sensitive-capable-de-retrouver-les-<\/a> <a href=\"https:\/\/eur02.safelinks.protection.outlook.com\/?url=https%3A%2F%2Fwww.baya.tn%2Frubriques%2Fhome%2Fsante%2Fune-prothese-sensitive-capable-de-retrouver-les-sensations-du-membre-perdu%2F&amp;data=05%7C01%7CHubert.Egger%40fh-linz.at%7C662f191fe856479f7a3908db504f61f1%7Cf88d4b736bb24b9aabc7eb96e5a6407c%7C1%7C0%7C638192074092365234%7CUnknown%7CTWFpbGZsb3d8eyJWIjoiMC4wLjAwMDAiLCJQIjoiV2luMzIiLCJBTiI6Ik1haWwiLCJXVCI6Mn0%3D%7C3000%7C%7C%7C&amp;sdata=4OBWa6TnsWzbYyi8nv5tgeBSMFCd3ht%2BDOfYWndiWKs%3D&amp;reserved=0\">sensations-du-membre-perdu\/<\/a><strong><br>Algeria:<br><\/strong><a href=\"https:\/\/www.vitaminedz.com\/une-prothese-qui-ressent-comme-\">https:\/\/www.vitaminedz.com\/une-prothese-qui-ressent-comme-<\/a> <a href=\"https:\/\/eur02.safelinks.protection.outlook.com\/?url=https%3A%2F%2Fwww.vitaminedz.com%2Fune-prothese-qui-ressent-comme-le%2FArticles_18300_3026981_0_1.html&amp;data=05%7C01%7CHubert.Egger%40fh-linz.at%7C662f191fe856479f7a3908db504f61f1%7Cf88d4b736bb24b9aabc7eb96e5a6407c%7C1%7C0%7C638192074092365234%7CUnknown%7CTWFpbGZsb3d8eyJWIjoiMC4wLjAwMDAiLCJQIjoiV2luMzIiLCJBTiI6Ik1haWwiLCJXVCI6Mn0%3D%7C3000%7C%7C%7C&amp;sdata=Ey6FX2RZeYzhS6Ru6hZG4Kz8exRAP0MGcOjbefG49V0%3D&amp;reserved=0\">le\/Articles_18300_3026981_0_1.html<\/a><strong><br>Egypt:<br><\/strong><a href=\"https:\/\/www.elbalad.news\/1571626\">https:\/\/www.elbalad.news\/1571626<\/a><strong><br><\/strong><strong>Bahrain (u.a.) gdnonline (nur im cache) <\/strong>http:\/\/webcache.googleusercontent.com\/search?q=cache:yhPaXDnsF8YJ:<a href=\"https:\/\/eur02.safelinks.protection.outlook.com\/?url=http%3A%2F%2Fwww.gdnonline.com%2FDetail&amp;data=05%7C01%7CHubert.Egger%40fh-linz.at%7C662f191fe856479f7a3908db504f61f1%7Cf88d4b736bb24b9aabc7eb96e5a6407c%7C1%7C0%7C638192074092365234%7CUnknown%7CTWFpbGZsb3d8eyJWIjoiMC4wLjAwMDAiLCJQIjoiV2luMzIiLCJBTiI6Ik1haWwiLCJXVCI6Mn0%3D%7C3000%7C%7C%7C&amp;sdata=sd%2FBgjhRZwiomK%2BZrikmNobSf%2FCFUyUzLcCGJdD543c%3D&amp;reserved=0\">www.gdnonline.com\/Detail<\/a> s\/8911\/Worlds-first-feeling-leg-prosthesis-offers-new-hope-to- amputees+&amp;cd=1&amp;hl=de&amp;ct=clnk&amp;gl=at<strong><br>Jordan:<br><\/strong><a href=\"http:\/\/vista.sahafi.jo\/art.php?id=4e6284c78059f70089d63c92dd734b3d277234d1\">http:\/\/vista.sahafi.jo\/art.php?id=4e6284c78059f70089d63c92dd734b3d277234d1<\/a><strong><br>Libya:<br><\/strong><a href=\"http:\/\/www.source.ly\/10WVX#.XhauS6aWycw\">http:\/\/www.source.ly\/10WVX#.XhauS6aWycw<\/a><strong><br>Marocco:<br><\/strong><a href=\"http:\/\/scientific.ma\/%D8%B9%D9%88%D8%AF%D8%A9-\">http:\/\/scientific.ma\/%D8%B9%D9%88%D8%AF%D8%A9-<\/a><br><a href=\"https:\/\/eur02.safelinks.protection.outlook.com\/?url=http%3A%2F%2Fscientific.ma%2F%25D8%25B9%25D9%2588%25D8%25AF%25D8%25A9-%25D8%25A7%25D9%2584%25D8%25A5%25D8%25AD%25D8%25B3%25D8%25A7%25D8%25B3-%25D9%2585%25D8%25B9-%25D8%25A3%25D9%2588%25D9%2584-%25D8%25B3%25D8%25A7%25D9%2582-%25D8%25B5%25D9%2586%25D8%25A7%25D8%25B9%25D9%258A%25D8%25A9%3Fprint%3Dprint&amp;data=05%7C01%7CHubert.Egger%40fh-linz.at%7C662f191fe856479f7a3908db504f61f1%7Cf88d4b736bb24b9aabc7eb96e5a6407c%7C1%7C0%7C638192074092365234%7CUnknown%7CTWFpbGZsb3d8eyJWIjoiMC4wLjAwMDAiLCJQIjoiV2luMzIiLCJBTiI6Ik1haWwiLCJXVCI6Mn0%3D%7C3000%7C%7C%7C&amp;sdata=kh5YgkMxXZ0OZl3F%2F%2BjL4GkqdIGteYLerTcqFh8rH5U%3D&amp;reserved=0\">%D8%A7%D9%84%D8%A5%D8%AD%D8%B3%D8%A7%D8%B3-%D9%85%D8%B9-<\/a><a href=\"https:\/\/eur02.safelinks.protection.outlook.com\/?url=http%3A%2F%2Fscientific.ma%2F%25D8%25B9%25D9%2588%25D8%25AF%25D8%25A9-%25D8%25A7%25D9%2584%25D8%25A5%25D8%25AD%25D8%25B3%25D8%25A7%25D8%25B3-%25D9%2585%25D8%25B9-%25D8%25A3%25D9%2588%25D9%2584-%25D8%25B3%25D8%25A7%25D9%2582-%25D8%25B5%25D9%2586%25D8%25A7%25D8%25B9%25D9%258A%25D8%25A9%3Fprint%3Dprint&amp;data=05%7C01%7CHubert.Egger%40fh-linz.at%7C662f191fe856479f7a3908db504f61f1%7Cf88d4b736bb24b9aabc7eb96e5a6407c%7C1%7C0%7C638192074092365234%7CUnknown%7CTWFpbGZsb3d8eyJWIjoiMC4wLjAwMDAiLCJQIjoiV2luMzIiLCJBTiI6Ik1haWwiLCJXVCI6Mn0%3D%7C3000%7C%7C%7C&amp;sdata=kh5YgkMxXZ0OZl3F%2F%2BjL4GkqdIGteYLerTcqFh8rH5U%3D&amp;reserved=0\">%D8%A3%D9%88%D9%84-%D8%B3%D8%A7%D9%82-<\/a><a href=\"https:\/\/eur02.safelinks.protection.outlook.com\/?url=http%3A%2F%2Fscientific.ma%2F%25D8%25B9%25D9%2588%25D8%25AF%25D8%25A9-%25D8%25A7%25D9%2584%25D8%25A5%25D8%25AD%25D8%25B3%25D8%25A7%25D8%25B3-%25D9%2585%25D8%25B9-%25D8%25A3%25D9%2588%25D9%2584-%25D8%25B3%25D8%25A7%25D9%2582-%25D8%25B5%25D9%2586%25D8%25A7%25D8%25B9%25D9%258A%25D8%25A9%3Fprint%3Dprint&amp;data=05%7C01%7CHubert.Egger%40fh-linz.at%7C662f191fe856479f7a3908db504f61f1%7Cf88d4b736bb24b9aabc7eb96e5a6407c%7C1%7C0%7C638192074092365234%7CUnknown%7CTWFpbGZsb3d8eyJWIjoiMC4wLjAwMDAiLCJQIjoiV2luMzIiLCJBTiI6Ik1haWwiLCJXVCI6Mn0%3D%7C3000%7C%7C%7C&amp;sdata=kh5YgkMxXZ0OZl3F%2F%2BjL4GkqdIGteYLerTcqFh8rH5U%3D&amp;reserved=0\">%D8%B5%D9%86%D8%A7%D8%B9%D9%8A%D8%A9?print=print<\/a><strong><\/strong><\/p>\n\n\n\n<p><strong>Oman:<br><\/strong><a href=\"http:\/\/henable.me\/la-nuova-gamba-artificiale-che-restituisce-la-sensibilita-al-piede\/\">http:\/\/henable.me\/la-nuova-gamba-artificiale-che-restituisce-la-sensibilita-al-piede\/<\/a><strong><br>Saudi Arabia:<br><\/strong><a href=\"https:\/\/www.arabnews.com\/science-technology\/news\/759171\">https:\/\/www.arabnews.com\/science-technology\/news\/759171<\/a><strong><br>Emirates:<br><\/strong><a href=\"http:\/\/www.khichdionline.com\/current-affairs-9th-june-2015\/\">http:\/\/www.khichdionline.com\/current-affairs-9th-june-2015\/<\/a> <a href=\"https:\/\/eur02.safelinks.protection.outlook.com\/?url=https%3A%2F%2Fme.ign.com%2Fen%2Ftech%2F107409%2Fnews%2Fresearchers-unveil-worlds-first-feeling-artificial-leg&amp;data=05%7C01%7CHubert.Egger%40fh-linz.at%7C662f191fe856479f7a3908db504f61f1%7Cf88d4b736bb24b9aabc7eb96e5a6407c%7C1%7C0%7C638192074092365234%7CUnknown%7CTWFpbGZsb3d8eyJWIjoiMC4wLjAwMDAiLCJQIjoiV2luMzIiLCJBTiI6Ik1haWwiLCJXVCI6Mn0%3D%7C3000%7C%7C%7C&amp;sdata=rg0DhGaNFWKAVpG5txAFTQ8TBJmVd8Fqjgh3qCDJo6k%3D&amp;reserved=0\">https:\/\/me.ign.com\/en\/tech\/107409\/news\/researchers-unveil-worlds-first-feeling-artificial-leg<\/a><strong><br>Tunesia<br><\/strong><a href=\"https:\/\/www.gulf-times.com\/story\/442519\/World-s-first-feeling-leg-prosthesis-offers-\">https:\/\/www.gulf-times.com\/story\/442519\/World-s-first-feeling-leg-prosthesis-offers-<\/a> <a href=\"https:\/\/eur02.safelinks.protection.outlook.com\/?url=https%3A%2F%2Fwww.gulf-times.com%2Fstory%2F442519%2FWorld-s-first-feeling-leg-prosthesis-offers-new-hope-to-amputees&amp;data=05%7C01%7CHubert.Egger%40fh-linz.at%7C662f191fe856479f7a3908db504f61f1%7Cf88d4b736bb24b9aabc7eb96e5a6407c%7C1%7C0%7C638192074092365234%7CUnknown%7CTWFpbGZsb3d8eyJWIjoiMC4wLjAwMDAiLCJQIjoiV2luMzIiLCJBTiI6Ik1haWwiLCJXVCI6Mn0%3D%7C3000%7C%7C%7C&amp;sdata=oNgRLrVi4R2AZmCTeqQpj%2B3F5czQ%2BzDJsS1PIMdeUHk%3D&amp;reserved=0\">new-hope-to-amputees<\/a><strong><br>Turkey<br><\/strong><a href=\"https:\/\/www.haberturk.com\/saglik\/haber\/1088808-hisseden-protez-bacak-tanitildi\">https:\/\/www.haberturk.com\/saglik\/haber\/1088808-hisseden-protez-bacak-tanitildi<\/a><br><strong>Brasil<br><\/strong><a href=\"https:\/\/eur02.safelinks.protection.outlook.com\/?url=https%3A%2F%2Fgloboplay.globo.com%2Fv%2F4252359%2F&amp;data=05%7C01%7CHubert.Egger%40fh-linz.at%7Cca92ff9c397946f416c408db21322f2c%7Cf88d4b736bb24b9aabc7eb96e5a6407c%7C1%7C0%7C638140271643886372%7CUnknown%7CTWFpbGZsb3d8eyJWIjoiMC4wLjAwMDAiLCJQIjoiV2luMzIiLCJBTiI6Ik1haWwiLCJXVCI6Mn0%3D%7C3000%7C%7C%7C&amp;sdata=iocr7TFuchY1Mr2VcvI8J3ipZjmA51WAquFiq0es9Kk%3D&amp;reserved=0\" target=\"_blank\" rel=\"noreferrer noopener\">https:\/\/globoplay.globo.com\/v\/4252359\/<\/a><\/p>\n\n\n\n<p><strong><span style=\"text-decoration: underline;\">Sample reports from various countries that can be accessed using search engines in their respective languages<\/span><\/strong><\/p>\n\n\n\n<p><strong>APA (Austria Presse Agentur), AP (Associated Press) , AFP (Agence France Press)<\/strong><br><strong>Austria<\/strong>: Orf.at,&nbsp; ZIB 1, Servus TV, Puls4, Kurier, Krone, Der Standard, Die Kleine Zeitung, O\u00d6 Nachrichten<br><strong>Germany: <\/strong>Der Spiegel, Die Welt, N-TV, Die Zeit, Stern, Der Tagesspiegel, Deutsche Welle<br><strong>Britain<\/strong>: BBC, BBC World News (10 Min\u00fctiger live Einstieg am 8.6. via Skype bei Matthew Amroliwala),&nbsp; The Local, Newsweek Europe, The Telegraph, The Times, Sky News, Daily Mail<br><strong>Different part of Europe:<\/strong> Sabado (Portugal), Webnovny (Slovakei), Habert\u00fcrk (T\u00fcrkei) , Medycyna Praktyczna (Polen), Die Neue S\u00fcdtiroler Tageszeitung (Italien),&nbsp; Metronieuws (Niederlande), H\u00fcrriyet (T\u00fcrkei), Delmagyarorsz\u00e1g (Ungarn), Iatronet (Griechenland), Vesti.ru (Russland)<br><strong>North America<\/strong>: USA Today, NYC Today, ABC Online, WPXI Pittsburgh, Radio Canada, Lauderdale Daily News (USA)<br><strong>Asia:<\/strong> Tribun News (Jakarta), Iribnews (Iran), Malay Mail online (Malaysia), Pakistan Tribe, dbc.hk (Hong Kong\/China), Pune Mirror (Indien), Vietnam Net Bridge, Web India , Gulf Times (Qatar), Arab News (Saudi Arab.), China Post, Jakarta Post (Indon.)<br><strong>South America<\/strong>: Publimetro Peru, TVN Panama, em.com.br (Brasilien), Entornolnteligente (Venezuela), Los Tiempos (Bolivien), Zero Hora (Brasilien)<br><strong>Africa:<\/strong> Sudan Vision (Sudan), Radio Alg\u00e8rienne (Algerien), Pulse Nigeria (Nigeria),<br><strong>Australi<\/strong>a: Cherry Radio (Australia), New Zealand Herald (Neuseeland), Sydney Morning Herald (Australien)<\/p>\n\n\n\n\n\n\n\n\n\n\n\n<p><\/p>\n","protected":false},"excerpt":{"rendered":"<p>Sample Links Italy (Print, Audio and Video) ORF: https:\/\/ooe.orf.at\/stories\/3239510\u00d6sterreich Ukraine: https:\/\/austriaukraine.com\/de\/impressions\/10788Christian Wehrsch\u00fctz: https:\/\/www.wehrschuetz.at\/?view=article&amp;id=8845&amp;catid=20S\u00fcdtirol 1: https:\/\/www.suedtirol1.it\/beitrag\/suedtiroler-des-tages-hubert-egger\/ref\/4326FH O\u00d6: https:\/\/fh-ooe.at\/campus-linz\/news\/medizintechniker-hubert-egger-in-seiner-heimat-suedtirol-mit-dem-ottone-nigro-preis-ausgezeichnetANMIC: https:\/\/www.anmic.bz\/news\/premio-ottone-nigro-preis-2024Der Meraner: https:\/\/www.meraner.eu\/news\/allgemein\/aussergewoehnlicher-einsatz-fuer-zivilinvaliden-mit-ottone-nigro-preis-ausgezeichnet.1763Guten Tag S\u00fcdtirol: https:\/\/www.buongiornosuedtirol.it\/2024\/07\/premio-ottone-nigro-promossa-una-societa-piu-inclusiva-per-gli-invalidi-civili-altoatesiniS\u00fcdtirol News: https:\/\/www.suedtirolnews.it\/chronik\/aussergewoehnlicher-einsatz-fuer-zivilinvaliden-mit-ottone-nigro-preis-ausgezeichnetORF: https:\/\/on.orf.at\/video\/14234845\/suedtirol-heute-vom-16072024RAI Tagesschau: https:\/\/www.rainews.it\/tgr\/tagesschau\/articoli\/2024\/07\/ukraine-viele-sudtiroler-wollen-prothesen-spenden-30ec0f5f-61d8-41d9-b245-d899f2a8f7da.htmlRAI Tagesschau: https:\/\/www.rainews.it\/tgr\/tagesschau\/notiziari\/video\/2024\/07\/Tagesschau&#8212;22072024-2000-53954e10-ca1f-474e-ba0e-077a0a41581b.htmlRAI News: https:\/\/www.rainews.it\/tgr\/tagesschau\/notiziari\/video\/2024\/07\/Tagesschau&#8212;22072024-2210-e5487810-ae7b-46af-90c1-4a7f1bec1c78.htmlRAI Radio: https:\/\/www.raisudtirol.rai.it\/de\/index.php?media=Pra1710867600S\u00fcdtirol Online: https:\/\/www.stol.it\/artikel\/chronik\/weisses-kreuz-sammelt-prothesen-fuer-kriegsversehrte-in-der-ukraineDer Vingschger: https:\/\/www.dervinschger.it\/de\/news\/weisses-kreuz-sammelt-prothesen-fuer-kriegsversehrte-in-der-ukraine-11882 Sample clippings German (Video) ORF \u201eHeimat fremde Heimat\u201c https:\/\/tvthek.orf.at\/history\/Herausforderungen-im-Alltag\/13557968\/Hubert-Egger-Erfinder-der-fuehlenden-Prothese\/14112892ORF \u201eHistory | Selbstbestimmung &#8230;<\/p>\n","protected":false},"author":1,"featured_media":0,"parent":0,"menu_order":0,"comment_status":"closed","ping_status":"closed","template":"","meta":{"footnotes":""},"class_list":["post-3802","page","type-page","status-publish","hentry","column","twocol"],"jetpack_shortlink":"https:\/\/wp.me\/P5MOcy-Zk","jetpack_sharing_enabled":true,"_links":{"self":[{"href":"https:\/\/prothetik.fh-linz.at\/index.php?rest_route=\/wp\/v2\/pages\/3802","targetHints":{"allow":["GET"]}}],"collection":[{"href":"https:\/\/prothetik.fh-linz.at\/index.php?rest_route=\/wp\/v2\/pages"}],"about":[{"href":"https:\/\/prothetik.fh-linz.at\/index.php?rest_route=\/wp\/v2\/types\/page"}],"author":[{"embeddable":true,"href":"https:\/\/prothetik.fh-linz.at\/index.php?rest_route=\/wp\/v2\/users\/1"}],"replies":[{"embeddable":true,"href":"https:\/\/prothetik.fh-linz.at\/index.php?rest_route=%2Fwp%2Fv2%2Fcomments&post=3802"}],"version-history":[{"count":75,"href":"https:\/\/prothetik.fh-linz.at\/index.php?rest_route=\/wp\/v2\/pages\/3802\/revisions"}],"predecessor-version":[{"id":15238,"href":"https:\/\/prothetik.fh-linz.at\/index.php?rest_route=\/wp\/v2\/pages\/3802\/revisions\/15238"}],"wp:attachment":[{"href":"https:\/\/prothetik.fh-linz.at\/index.php?rest_route=%2Fwp%2Fv2%2Fmedia&parent=3802"}],"curies":[{"name":"wp","href":"https:\/\/api.w.org\/{rel}","templated":true}]}}